s the greatest common factor of g and 29?
1
Let u(x) = x**3 + 12*x**2 + 3*x + 10. Let s be u(-12). Let d = -9 + s. Let v be 1/((d/40)/(-7)). What is the greatest common factor of v and 64?
8
Suppose f - 11 = -4*w, 0 = -5*f + 2*w + 3*w + 5. Let y be 8/f - ((-20)/6)/(-5). Suppose -24 - 108 = -y*v. What is the highest common divisor of 6 and v?
6
Let x = 1736 + -1679. What is the highest common divisor of 42 and x?
3
Suppose -4*i = 2*d - 416, 0*d + 3*i - 633 = -3*d. Let w be 5/20 - d/(-8). What is the highest common divisor of 9 and w?
9
Let f(m) = -41*m + 1265. Let u be f(19). Calculate the highest common factor of u and 378.
54
Let w(o) = -125*o + 5974. Let l be w(39). Calculate the greatest common factor of l and 14.
7
Suppose -22 = -5*i + 3*c, -30 = -4*i + 3*c - 10. Suppose -r + 1 = 7. Let x be (1 - (r - i)) + -1. What is the highest common factor of x and 4?
4
Suppose -2*b = -7*i + 2484, 3*i - 1346 = b - 282. What is the highest common factor of 4 and i?
4
Let g(o) = 5*o**2 + 11*o + 4. Let y be g(-4). Let x be 8/y + 474/5. What is the highest common divisor of 76 and x?
19
Let s be 0 + -1 - 2052/(-38). Suppose 0 = -5*g - 10, -u + 136 - s = -g. Calculate the greatest common factor of 9 and u.
9
Suppose -168*d - 25*d + 958318 = -27*d. Calculate the greatest common factor of d and 23.
23
Let t be ((-20)/(-6)*-2)/((-15)/90). Suppose 0*w + 3*w + 6 = 0. Let k be w*4/(4 + (-110)/25). Calculate the greatest common divisor of k and t.
20
Let j = -2384 + 2568. Calculate the highest common factor of 168 and j.
8
Suppose -11*r - 92664 = -19*r. Calculate the highest common factor of 33 and r.
33
Suppose 2*k - z = 4, -10*z + 8 = 4*k - 7*z. Let l be ((-10)/30)/(k/(-144)). Let a be ((-6)/(-4))/(2/4). Calculate the greatest common divisor of a and l.
3
Let f(u) = 5*u - 46. Let y(m) = m - 3. Let c(g) = -f(g) + 6*y(g). Let n be c(22). Calculate the highest common divisor of n and 75.
25
Suppose 2268 = 4*z - 5*x, -3*x - 1666 = -2*z - 534. What is the highest common factor of z and 52?
52
Let y be (1 + 13/(-26))*180. Calculate the highest common divisor of y and 20.
10
Suppose 4*i + 19 = 131. Let h = -5 + 7. Let v be (h - (-20)/(-8))*-8. Calculate the greatest common divisor of v and i.
4
Let r = -2 + 38. Suppose 5*g - 5*q + 48 = 9*g, -3*g - 5*q = -r. Let k = -79 - -187. Calculate the highest common factor of k and g.
12
Let j = -92 + 107. Suppose -3*f = 3*y - 0*y - j, 3*y = -2*f + 18. Calculate the highest common divisor of y and 256.
8
Let y be 8/(-10)*(-2860)/104. Suppose -5*q + 3*k = -300, q = 5*k + y + 16. What is the greatest common factor of q and 42?
21
Let u be 5/(-35) - (11430/21)/(-2). Suppose k + 2*k = -4*c + u, 0 = 3*c - 4*k - 179. What is the highest common divisor of 10 and c?
5
Let o(r) = 54*r - 3. Let a be o(1). Let b(s) = 13*s**2 - 2*s + 37. Let i be b(2). Calculate the highest common divisor of a and i.
17
Let t(q) = q + 3. Let s = -87 - -80. Let w be t(s). Let n be (105/(-20) - w)*-4. Calculate the highest common factor of n and 20.
5
Let m = -150 - -153. Suppose -m*w - w = -g - 21, 0 = 2*g + 10. Calculate the greatest common divisor of 136 and w.
4
Suppose -8692 - 4868 = -6*b - 0*b. What is the greatest common divisor of 5 and b?
5
Let d = -3046 - -3552. What is the highest common factor of d and 92?
46
Let m = 26494 + -24537. Calculate the highest common divisor of m and 304.
19
Suppose g - 38 = -3*n, 5*g + 60 - 269 = 4*n. Suppose 0 = -36*h + g*h - 1175. What is the highest common divisor of h and 5?
5
Let p be (-4 - -68)/(-8) - -418. Suppose -28*c - 13*c = -p. Calculate the greatest common factor of c and 80.
10
Suppose 421*v = 422*v - 676. What is the greatest common factor of v and 6929?
169
Suppose -2 = 5*k + 3, 3*n + 4*k - 122 = 0. Suppose 2 = 2*i - n. Calculate the highest common factor of i and 22.
22
Let p(k) = k**2 + 12*k + 376. Let w be p(0). Let m = w - 256. What is the greatest common factor of 36 and m?
12
Let k be (4/10)/(41/611515). Calculate the highest common divisor of k and 38.
38
Let s = -99 - -102. Suppose 2*z = -4*c + 128, c - s*z + 5 = 23. Calculate the greatest common divisor of c and 15.
15
Let b(y) = 2*y**2 + y - 9. Let q be b(-11). Let x(p) = -400*p - 1489. Let w be x(-4). What is the greatest common factor of q and w?
111
Suppose -2465 = -102*a - 4553 + 13920. Calculate the greatest common divisor of a and 7453.
29
Let y(l) = 62*l**2 + 18*l - 18. Let w be y(1). Calculate the highest common factor of 13082 and w.
62
Let g be (159 + -165)/(2/(-1446)). Calculate the greatest common divisor of 9 and g.
9
Suppose -111*v - 5*v + 200564 = 0. Calculate the highest common factor of 532 and v.
133
Let r = 460 + -429. Suppose y - 176 = -2*s, -r*y + 32*y + 440 = 5*s. What is the greatest common divisor of 88 and s?
88
Suppose -i + k = 2*i - 243, -2*i - k = -162. Suppose 89*s - 544 = i*s. What is the highest common factor of s and 17?
17
Let m(v) = 3*v + 223. Let a = 675 - 688. Let l be m(a). What is the highest common factor of 8 and l?
8
Suppose 0 = -9*g + 95 - 41. Suppose -v = g*v - 399. Calculate the greatest common divisor of v and 152.
19
Suppose -2*g + 42 = g. Let a be 18/(-4)*40/(-60). Suppose -4*i + a*r = -39, 2*i + 10 = -5*r - 3. What is the greatest common divisor of g and i?
2
Let a be 79 - (0 - -1 - -1). Let l = 42549 - 42527. Calculate the greatest common factor of a and l.
11
Let k(b) = 45*b**2 + 7*b + 7. Let y be k(-2). Suppose h = -4*d + y, -4*d - 4*h = -258 + 94. Calculate the greatest common factor of d and 308.
44
Let c = 203 - -427. Let v = -443 + c. Suppose b - 4*b - 12 = 0, 4*b = 2*f - 50. Calculate the highest common factor of f and v.
17
Let a be (-2 - -1)/2*(-8362 - -364). What is the greatest common divisor of a and 651?
93
Suppose 0 = -78*r + 92296 + 14096. Calculate the greatest common factor of r and 352.
44
Let t be (-7)/(5 - (-1287)/(-258)). Let h = t - -658. What is the highest common factor of 105 and h?
7
Suppose -17003 = -8*c - 2*m + 11151, -5*m - 14071 = -4*c. Calculate the highest common factor of c and 51.
51
Let y = 681 + -382. Suppose 16 = -4*j, -3*j - 72 = -2*x - 14. Calculate the greatest common divisor of x and y.
23
Let v = -486 - -494. Suppose -6*z = -v*z + 344. What is the highest common factor of z and 43?
43
Suppose -4*n + 9 = -119. Let z(r) = 3*r**3 - 120*r**2 + 20*r + 42. Let x be z(40). Suppose 7*t + x = 1010. Calculate the greatest common divisor of t and n.
8
Suppose 0 = -x - 5*x + 24. Suppose 4*t = s - 153, -118 = -s - x*t + t. Let u be (19/2)/(10/20). What is the greatest common divisor of s and u?
19
Let d = 80 + -76. Let n(r) = -30*r**3 - 11*r + 15*r**3 + 16*r**3 + 9 - d + 10*r**2. Let o be n(-11). Calculate the highest common factor of 1 and o.
1
Suppose -4*x + 0 = -4. Suppose -5*z + 4*y + 25 = 0, 4*z - 60 = -z - 3*y. Calculate the highest common factor of z and x.
1
Suppose -5 = -z, 0 = -3*q - z + 35 + 138. Let k be (-2)/4*10*(-3 + 2). Suppose -5*x - k = -85. What is the greatest common divisor of x and q?
8
Let b(i) be the third derivative of -i**6/120 - 11*i**5/30 - i**4/6 - 17*i**3/3 - 17*i**2. Let q be b(-22). What is the highest common factor of q and 2?
2
Let s be (-2 + -6 + 2)*(-60)/9. Suppose -4*k + s = 4*q, -4*k + 2*k + 3*q = -25. What is the highest common divisor of k and 77?
11
Suppose i + 4*h - 330 = h, -h = 2*i - 650. Suppose -5*w + 2*g = -76 - i, -4*w - 5*g = -320. Let u = -64 + w. Calculate the highest common divisor of u and 40.
8
Suppose 7*p - 4*p - 634 = 4*x, 4*x - 238 = -p. Let s = p - 153. Let b be 530/s + 2/(-13). What is the highest common factor of 32 and b?
8
Let o be ((-560)/42 - -11) + (-25878)/(-9). Calculate the highest common factor of 26 and o.
13
Suppose -3*d = 3*g - 846, -4*d + 867 = 3*g - 8*d. Suppose g = 104*s - 99*s. What is the greatest common divisor of 95 and s?
19
Let a be (-3)/(-2)*(-444)/(-9). Let s = -54 + a. Suppose s*z + 4 = 24*z. Calculate the highest common factor of z and 16.
1
Let y = 54 - 46. Let s = 138 + -2. Calculate the greatest common divisor of s and y.
8
Let k = 48 - 40. Let i be 2548/k - (-3)/2. Calculate the highest common factor of i and 40.
40
Suppose 887 + 2473 = 20*z. Let s be (-14)/(-4)*15360/z. Calculate the highest common factor of 40 and s.
40
Suppose -10016 = 60*d - 58616. Calculate the highest 